{"id":79,"date":"2025-04-24T02:00:33","date_gmt":"2025-04-24T00:00:33","guid":{"rendered":"http:\/\/rzeczoznawca-twardowski.pl\/?page_id=79"},"modified":"2025-04-28T01:39:51","modified_gmt":"2025-04-27T23:39:51","slug":"pojazdy-zabytkowe","status":"publish","type":"page","link":"https:\/\/rzeczoznawca-twardowski.pl\/?page_id=79","title":{"rendered":"Pojazdy Zabytkowe"},"content":{"rendered":"\n<p>Sporz\u0105dzam opini\u0119 oraz kompletn\u0105 dokumentacj\u0119 potrzebn\u0105 do rejestracji pojazd\u00f3w zabytkowych, unikatowych oraz kolekcjonerskich.<\/p>\n\n\n\n<p>Pojazd zabytkowy \u2013&nbsp;to pojazd, kt\u00f3ry na podstawie odr\u0119bnych przepis\u00f3w zosta\u0142 wpisany do rejestru zabytk\u00f3w lub znajduje si\u0119 w wojew\u00f3dzkiej ewidencji zabytk\u00f3w, a tak\u017ce pojazd wpisany do inwentarza muzeali\u00f3w, zgodnie z odr\u0119bnymi przepisami.<\/p>\n\n\n\n<p>KRYTERIA I ZASADY W\u0141\u0104CZENIA POJAZD\u00d3W DO EWIDENCJI ZABYTK\u00d3W<\/p>\n\n\n\n<ul class=\"wp-block-list\">\n<li>pojazd posiada co najmniej 40 lat i musi by\u0107 (w modelu) nieprodukowany od lat 20, a jego stan zachowania jest oryginalny, bez znacznych zmian podwozia, uk\u0142adu kierowniczego lub hamulcowego, silnika itp. (minimum 75 % zachowanych cz\u0119\u015bci oryginalnych, w tym g\u0142\u00f3wne podzespo\u0142y);<\/li>\n\n\n\n<li>pojazd maj\u0105cy co najmniej 30 lat, o ile jest egzemplarzem unikalnym, z racji wyj\u0105tkowych rozwi\u0105za\u0144 konstrukcyjnych i jednostkowej produkcji, powinien charakteryzowa\u0107 si\u0119 przynajmniej jedn\u0105 z ni\u017cej wymienionych cech:<\/li>\n<\/ul>\n\n\n\n<p>a) posiada unikalne rozwi\u0105zania konstrukcyjne,<\/p>\n\n\n\n<p>b) dokumentuje wa\u017cne etapy rozwoju techniki motoryzacyjnej,<\/p>\n\n\n\n<p>c) by\u0142 zwi\u0105zany z wa\u017cnymi wydarzeniami historycznymi, w tym na przyk\u0142ad sportowymi czy &nbsp; kulturalnymi,<\/p>\n\n\n\n<p>d) posiada oryginalne wykonanie lub zosta\u0142 odrestaurowany,<\/p>\n\n\n\n<p>e) zosta\u0142 odtworzony wiernie, zgodnie z technologi\u0105 z okresu jego produkcji.<\/p>\n\n\n\n<p>&nbsp;PROCEDURA REJESTRACJI POJAZDU ZABYTKOWEGO<\/p>\n\n\n\n<ul class=\"wp-block-list\">\n<li>Opinia rzeczoznawcy wraz z Kart\u0105 Ewidencyjn\u0105 Zabytk\u00f3w Ruchomych Techniki ( tzw. bia\u0142a karta)<\/li>\n\n\n\n<li>Wniosek ,, O w\u0142\u0105czenie obiektu do ewidencji zabytk\u00f3w ruchomych wojew\u00f3dztwa\u2026\u201d<\/li>\n\n\n\n<li>W\u0142\u0105czenie pojazdu do ewidencji zabytk\u00f3w ruchomych wojew\u00f3dztwa\u2026..<\/li>\n\n\n\n<li>Wniosek ,, O przeprowadzenie badania co do zgodno\u015bci pojazdu zabytkowego\u201d<\/li>\n\n\n\n<li>Badanie techniczne pojazdu zabytkowego na Okr\u0119gowej Stacji Kontroli Pojazd\u00f3w<\/li>\n\n\n\n<li>Rejestracja pojazdu w Urz\u0119dzie Komunikacyjnym<\/li>\n<\/ul>\n\n\n\n<p>PLUSY PRZEKWALIFIKOWANIA POJAZDU NA ZABYTKOWY:<\/p>\n\n\n\n<ul class=\"wp-block-list\">\n<li>Dopuszczenie do ruchu pojazd\u00f3w niespe\u0142niaj\u0105cych aktualnie obowi\u0105zuj\u0105cych norm;<\/li>\n\n\n\n<li>Brak przegl\u0105d\u00f3w technicznych;<\/li>\n\n\n\n<li>Mo\u017cliwo\u015b\u0107 uzyskania funduszy na konserwacj\u0119 zabytku;<\/li>\n\n\n\n<li>Mo\u017cliwo\u015b\u0107 wykupienia sezonowego ubezpieczenia OC; ( nie ma konieczno\u015bci ubezpieczania pojazdu je\u015bli nie jest u\u017cytkowany na drogach publicznych)<\/li>\n\n\n\n<li>Mo\u017cliwo\u015b\u0107 wyrejestrowania pojazdu<\/li>\n<\/ul>\n\n\n\n<p>Ustawa z dnia 20 czerwca 1997r., ,,Prawo o Ruchu Drogowym\u201d , Dz. U. Nr 98, poz. 602 z 1997 r. wraz &nbsp; z p\u00f3\u017aniejszymi zmianami.<\/p>\n\n\n\n<p>Art. 79 ust. 4. Pojazd wyrejestrowany nie podlega powt\u00f3rnej rejestracji, z wyj\u0105tkiem pojazdu:<\/p>\n\n\n\n<ul class=\"wp-block-list\">\n<li>1)\u00a0odzyskanego po kradzie\u017cy<\/li>\n\n\n\n<li>2) zabytkowego<\/li>\n\n\n\n<li>3) maj\u0105cego co najmniej 25 lat uznanego przez rzeczoznawc\u0119 samochodowego za unikatowy lub maj\u0105cy szczeg\u00f3lne znaczenie dla udokumentowania historii motoryzacji;<\/li>\n\n\n\n<li>4) ci\u0105gnika i przyczepy rolniczej<\/li>\n\n\n\n<li>5) wywiezionego z kraju lub zbytego za granic\u0105, o kt\u00f3rym mowa w ust. 1 pkt 3.<\/li>\n<\/ul>\n\n\n\n<p>Art. 72 ust.&nbsp;1. Rejestracji dokonuje si\u0119 na podstawie:<\/p>\n\n\n\n<ul class=\"wp-block-list\">\n<li>1) dowodu w\u0142asno\u015bci pojazdu lub dokumentu potwierdzaj\u0105cego powierzenie pojazdu, o kt\u00f3rym mowa w art. 73 ust. 5;<\/li>\n\n\n\n<li>2b). W przypadku pojazdu zabytkowego, zamiast dowodu rejestracyjnego, dopuszcza si\u0119 przedstawienie o\u015bwiadczenia w\u0142a\u015bciciela pojazdu, z\u0142o\u017conego pod rygorem odpowiedzialno\u015bci karnej za fa\u0142szywe zeznania, \u017ce nie posiada dowodu rejestracyjnego.<\/li>\n<\/ul>\n\n\n\n<p>Art.77<\/p>\n\n\n\n<ul class=\"wp-block-list\">\n<li>10). Przyczepa lekka i pojazd zabytkowy nie podlegaj\u0105 okresowym badaniom technicznym. W przypadku pojazdu zabytkowego, wykorzystywanego do zarobkowego transportu drogowego podlega on corocznym badaniom technicznym.<\/li>\n\n\n\n<li>11a). Badaniu co do zgodno\u015bci z warunkami technicznymi podlega pojazd zabytkowy przed pierwsz\u0105 rejestracj\u0105 na terytorium Rzeczpospolitej Polskiej.<\/li>\n<\/ul>\n","protected":false},"excerpt":{"rendered":"<p>Sporz\u0105dzam opini\u0119 oraz kompletn\u0105 dokumentacj\u0119 potrzebn\u0105 do rejestracji pojazd\u00f3w zabytkowych, unikatowych oraz kolekcjonerskich. Pojazd zabytkowy \u2013&nbsp;to pojazd, kt\u00f3ry na podstawie odr\u0119bnych przepis\u00f3w zosta\u0142 wpisany do rejestru zabytk\u00f3w lub znajduje si\u0119 w wojew\u00f3dzkiej ewidencji zabytk\u00f3w, a tak\u017ce pojazd wpisany do inwentarza muzeali\u00f3w, zgodnie z odr\u0119bnymi przepisami. KRYTERIA I ZASADY W\u0141\u0104CZENIA POJAZD\u00d3W DO EWIDENCJI ZABYTK\u00d3W a) posiada [&hellip;]<\/p>\n","protected":false},"author":1,"featured_media":0,"parent":0,"menu_order":0,"comment_status":"closed","ping_status":"closed","template":"","meta":{"footnotes":""},"class_list":["post-79","page","type-page","status-publish","hentry"],"yoast_head":"<!-- This site is optimized with the Yoast SEO plugin v24.9 - https:\/\/yoast.com\/wordpress\/plugins\/seo\/ -->\n<title>Pojazdy Zabytkowe - CERTYFIKOWANY RZECZOZNAWCA SAMOCHODOWY<\/title>\n<meta name=\"robots\" content=\"index, follow, max-snippet:-1, max-image-preview:large, max-video-preview:-1\" \/>\n<link rel=\"canonical\" href=\"https:\/\/rzeczoznawca-twardowski.pl\/?page_id=79\" \/>\n<meta property=\"og:locale\" content=\"pl_PL\" \/>\n<meta property=\"og:type\" content=\"article\" \/>\n<meta property=\"og:title\" content=\"Pojazdy Zabytkowe - CERTYFIKOWANY RZECZOZNAWCA SAMOCHODOWY\" \/>\n<meta property=\"og:description\" content=\"Sporz\u0105dzam opini\u0119 oraz kompletn\u0105 dokumentacj\u0119 potrzebn\u0105 do rejestracji pojazd\u00f3w zabytkowych, unikatowych oraz kolekcjonerskich. Pojazd zabytkowy \u2013&nbsp;to pojazd, kt\u00f3ry na podstawie odr\u0119bnych przepis\u00f3w zosta\u0142 wpisany do rejestru zabytk\u00f3w lub znajduje si\u0119 w wojew\u00f3dzkiej ewidencji zabytk\u00f3w, a tak\u017ce pojazd wpisany do inwentarza muzeali\u00f3w, zgodnie z odr\u0119bnymi przepisami. KRYTERIA I ZASADY W\u0141\u0104CZENIA POJAZD\u00d3W DO EWIDENCJI ZABYTK\u00d3W a) posiada [&hellip;]\" \/>\n<meta property=\"og:url\" content=\"https:\/\/rzeczoznawca-twardowski.pl\/?page_id=79\" \/>\n<meta property=\"og:site_name\" content=\"CERTYFIKOWANY RZECZOZNAWCA SAMOCHODOWY\" \/>\n<meta property=\"article:modified_time\" content=\"2025-04-27T23:39:51+00:00\" \/>\n<meta name=\"twitter:card\" content=\"summary_large_image\" \/>\n<meta name=\"twitter:label1\" content=\"Szacowany czas czytania\" \/>\n\t<meta name=\"twitter:data1\" content=\"3 minuty\" \/>\n<script type=\"application\/ld+json\" class=\"yoast-schema-graph\">{\"@context\":\"https:\/\/schema.org\",\"@graph\":[{\"@type\":\"WebPage\",\"@id\":\"https:\/\/rzeczoznawca-twardowski.pl\/?page_id=79\",\"url\":\"https:\/\/rzeczoznawca-twardowski.pl\/?page_id=79\",\"name\":\"Pojazdy Zabytkowe - CERTYFIKOWANY RZECZOZNAWCA SAMOCHODOWY\",\"isPartOf\":{\"@id\":\"https:\/\/rzeczoznawca-twardowski.pl\/#website\"},\"datePublished\":\"2025-04-24T00:00:33+00:00\",\"dateModified\":\"2025-04-27T23:39:51+00:00\",\"breadcrumb\":{\"@id\":\"https:\/\/rzeczoznawca-twardowski.pl\/?page_id=79#breadcrumb\"},\"inLanguage\":\"pl-PL\",\"potentialAction\":[{\"@type\":\"ReadAction\",\"target\":[\"https:\/\/rzeczoznawca-twardowski.pl\/?page_id=79\"]}]},{\"@type\":\"BreadcrumbList\",\"@id\":\"https:\/\/rzeczoznawca-twardowski.pl\/?page_id=79#breadcrumb\",\"itemListElement\":[{\"@type\":\"ListItem\",\"position\":1,\"name\":\"Home\",\"item\":\"https:\/\/rzeczoznawca-twardowski.pl\/\"},{\"@type\":\"ListItem\",\"position\":2,\"name\":\"Pojazdy Zabytkowe\"}]},{\"@type\":\"WebSite\",\"@id\":\"https:\/\/rzeczoznawca-twardowski.pl\/#website\",\"url\":\"https:\/\/rzeczoznawca-twardowski.pl\/\",\"name\":\"Waldemar Twardowski\",\"description\":\"Waldemar Twardowski\",\"publisher\":{\"@id\":\"https:\/\/rzeczoznawca-twardowski.pl\/#organization\"},\"potentialAction\":[{\"@type\":\"SearchAction\",\"target\":{\"@type\":\"EntryPoint\",\"urlTemplate\":\"https:\/\/rzeczoznawca-twardowski.pl\/?s={search_term_string}\"},\"query-input\":{\"@type\":\"PropertyValueSpecification\",\"valueRequired\":true,\"valueName\":\"search_term_string\"}}],\"inLanguage\":\"pl-PL\"},{\"@type\":\"Organization\",\"@id\":\"https:\/\/rzeczoznawca-twardowski.pl\/#organization\",\"name\":\"CERTYFIKOWANY RZECZOZNAWCA SAMOCHODOWY\",\"url\":\"https:\/\/rzeczoznawca-twardowski.pl\/\",\"logo\":{\"@type\":\"ImageObject\",\"inLanguage\":\"pl-PL\",\"@id\":\"https:\/\/rzeczoznawca-twardowski.pl\/#\/schema\/logo\/image\/\",\"url\":\"https:\/\/rzeczoznawca-twardowski.pl\/wp-content\/uploads\/2025\/04\/Untitled250.png\",\"contentUrl\":\"https:\/\/rzeczoznawca-twardowski.pl\/wp-content\/uploads\/2025\/04\/Untitled250.png\",\"width\":240,\"height\":77,\"caption\":\"CERTYFIKOWANY RZECZOZNAWCA SAMOCHODOWY\"},\"image\":{\"@id\":\"https:\/\/rzeczoznawca-twardowski.pl\/#\/schema\/logo\/image\/\"}}]}<\/script>\n<!-- \/ Yoast SEO plugin. -->","yoast_head_json":{"title":"Pojazdy Zabytkowe - CERTYFIKOWANY RZECZOZNAWCA SAMOCHODOWY","robots":{"index":"index","follow":"follow","max-snippet":"max-snippet:-1","max-image-preview":"max-image-preview:large","max-video-preview":"max-video-preview:-1"},"canonical":"https:\/\/rzeczoznawca-twardowski.pl\/?page_id=79","og_locale":"pl_PL","og_type":"article","og_title":"Pojazdy Zabytkowe - CERTYFIKOWANY RZECZOZNAWCA SAMOCHODOWY","og_description":"Sporz\u0105dzam opini\u0119 oraz kompletn\u0105 dokumentacj\u0119 potrzebn\u0105 do rejestracji pojazd\u00f3w zabytkowych, unikatowych oraz kolekcjonerskich. Pojazd zabytkowy \u2013&nbsp;to pojazd, kt\u00f3ry na podstawie odr\u0119bnych przepis\u00f3w zosta\u0142 wpisany do rejestru zabytk\u00f3w lub znajduje si\u0119 w wojew\u00f3dzkiej ewidencji zabytk\u00f3w, a tak\u017ce pojazd wpisany do inwentarza muzeali\u00f3w, zgodnie z odr\u0119bnymi przepisami. KRYTERIA I ZASADY W\u0141\u0104CZENIA POJAZD\u00d3W DO EWIDENCJI ZABYTK\u00d3W a) posiada [&hellip;]","og_url":"https:\/\/rzeczoznawca-twardowski.pl\/?page_id=79","og_site_name":"CERTYFIKOWANY RZECZOZNAWCA SAMOCHODOWY","article_modified_time":"2025-04-27T23:39:51+00:00","twitter_card":"summary_large_image","twitter_misc":{"Szacowany czas czytania":"3 minuty"},"schema":{"@context":"https:\/\/schema.org","@graph":[{"@type":"WebPage","@id":"https:\/\/rzeczoznawca-twardowski.pl\/?page_id=79","url":"https:\/\/rzeczoznawca-twardowski.pl\/?page_id=79","name":"Pojazdy Zabytkowe - CERTYFIKOWANY RZECZOZNAWCA SAMOCHODOWY","isPartOf":{"@id":"https:\/\/rzeczoznawca-twardowski.pl\/#website"},"datePublished":"2025-04-24T00:00:33+00:00","dateModified":"2025-04-27T23:39:51+00:00","breadcrumb":{"@id":"https:\/\/rzeczoznawca-twardowski.pl\/?page_id=79#breadcrumb"},"inLanguage":"pl-PL","potentialAction":[{"@type":"ReadAction","target":["https:\/\/rzeczoznawca-twardowski.pl\/?page_id=79"]}]},{"@type":"BreadcrumbList","@id":"https:\/\/rzeczoznawca-twardowski.pl\/?page_id=79#breadcrumb","itemListElement":[{"@type":"ListItem","position":1,"name":"Home","item":"https:\/\/rzeczoznawca-twardowski.pl\/"},{"@type":"ListItem","position":2,"name":"Pojazdy Zabytkowe"}]},{"@type":"WebSite","@id":"https:\/\/rzeczoznawca-twardowski.pl\/#website","url":"https:\/\/rzeczoznawca-twardowski.pl\/","name":"Waldemar Twardowski","description":"Waldemar Twardowski","publisher":{"@id":"https:\/\/rzeczoznawca-twardowski.pl\/#organization"},"potentialAction":[{"@type":"SearchAction","target":{"@type":"EntryPoint","urlTemplate":"https:\/\/rzeczoznawca-twardowski.pl\/?s={search_term_string}"},"query-input":{"@type":"PropertyValueSpecification","valueRequired":true,"valueName":"search_term_string"}}],"inLanguage":"pl-PL"},{"@type":"Organization","@id":"https:\/\/rzeczoznawca-twardowski.pl\/#organization","name":"CERTYFIKOWANY RZECZOZNAWCA SAMOCHODOWY","url":"https:\/\/rzeczoznawca-twardowski.pl\/","logo":{"@type":"ImageObject","inLanguage":"pl-PL","@id":"https:\/\/rzeczoznawca-twardowski.pl\/#\/schema\/logo\/image\/","url":"https:\/\/rzeczoznawca-twardowski.pl\/wp-content\/uploads\/2025\/04\/Untitled250.png","contentUrl":"https:\/\/rzeczoznawca-twardowski.pl\/wp-content\/uploads\/2025\/04\/Untitled250.png","width":240,"height":77,"caption":"CERTYFIKOWANY RZECZOZNAWCA SAMOCHODOWY"},"image":{"@id":"https:\/\/rzeczoznawca-twardowski.pl\/#\/schema\/logo\/image\/"}}]}},"_links":{"self":[{"href":"https:\/\/rzeczoznawca-twardowski.pl\/index.php?rest_route=\/wp\/v2\/pages\/79","targetHints":{"allow":["GET"]}}],"collection":[{"href":"https:\/\/rzeczoznawca-twardowski.pl\/index.php?rest_route=\/wp\/v2\/pages"}],"about":[{"href":"https:\/\/rzeczoznawca-twardowski.pl\/index.php?rest_route=\/wp\/v2\/types\/page"}],"author":[{"embeddable":true,"href":"https:\/\/rzeczoznawca-twardowski.pl\/index.php?rest_route=\/wp\/v2\/users\/1"}],"replies":[{"embeddable":true,"href":"https:\/\/rzeczoznawca-twardowski.pl\/index.php?rest_route=%2Fwp%2Fv2%2Fcomments&post=79"}],"version-history":[{"count":2,"href":"https:\/\/rzeczoznawca-twardowski.pl\/index.php?rest_route=\/wp\/v2\/pages\/79\/revisions"}],"predecessor-version":[{"id":121,"href":"https:\/\/rzeczoznawca-twardowski.pl\/index.php?rest_route=\/wp\/v2\/pages\/79\/revisions\/121"}],"wp:attachment":[{"href":"https:\/\/rzeczoznawca-twardowski.pl\/index.php?rest_route=%2Fwp%2Fv2%2Fmedia&parent=79"}],"curies":[{"name":"wp","href":"https:\/\/api.w.org\/{rel}","templated":true}]}}