{"id":58,"date":"2025-04-23T21:00:57","date_gmt":"2025-04-23T19:00:57","guid":{"rendered":"http:\/\/rzeczoznawca-twardowski.pl\/?page_id=58"},"modified":"2025-04-28T20:21:46","modified_gmt":"2025-04-28T18:21:46","slug":"wycena-wartosci-pojazdu","status":"publish","type":"page","link":"https:\/\/rzeczoznawca-twardowski.pl\/?page_id=58","title":{"rendered":"Wycena warto\u015bci pojazdu"},"content":{"rendered":"<p>Wycena warto\u015bci pojazdu sporz\u0105dzana w odniesieniu do pojazdu uszkodzonego jak i nieuszkodzonego w celu ustalenia jego aktualnej warto\u015bci rynkowej<span class=\"Apple-converted-space\">\u00a0 <\/span>potrzebna jest do:<\/p>\n<ul>\n<li>Urz\u0119d\u00f3w Skarbowych oraz Celnych<\/li>\n<li>S\u0105d\u00f3w<\/li>\n<li>Ubezpieczenia AC (AUTO CASCO)<\/li>\n<li>Okre\u015blenia wyst\u0119powania szkody ca\u0142kowitej<\/li>\n<li>Umowy w formie leasingu, kredytu<\/li>\n<li>Dla potrzeb post\u0119powania windykacyjnego, egzekucyjnego<\/li>\n<li>Transakcji prywatnych<\/li>\n<li>oraz dla innych cel\u00f3w okre\u015blonych przez Klienta<\/li>\n<\/ul>\n<p>Wyceny sporz\u0105dzane s\u0105 zgodnie z Instrukcj\u0105 Okre\u015blania Warto\u015bci Pojazd\u00f3w SRTSiRD EKSPERTMOT.<\/p>\n\n\n<p><\/p>\n","protected":false},"excerpt":{"rendered":"<p>Wycena warto\u015bci pojazdu sporz\u0105dzana w odniesieniu do pojazdu uszkodzonego jak i nieuszkodzonego w celu ustalenia jego aktualnej warto\u015bci rynkowej\u00a0 potrzebna jest do: Urz\u0119d\u00f3w Skarbowych oraz Celnych S\u0105d\u00f3w Ubezpieczenia AC (AUTO CASCO) Okre\u015blenia wyst\u0119powania szkody ca\u0142kowitej Umowy w formie leasingu, kredytu Dla potrzeb post\u0119powania windykacyjnego, egzekucyjnego Transakcji prywatnych oraz dla innych cel\u00f3w okre\u015blonych przez Klienta Wyceny [&hellip;]<\/p>\n","protected":false},"author":1,"featured_media":0,"parent":0,"menu_order":0,"comment_status":"closed","ping_status":"closed","template":"","meta":{"footnotes":""},"class_list":["post-58","page","type-page","status-publish","hentry"],"yoast_head":"<!-- This site is optimized with the Yoast SEO plugin v24.9 - https:\/\/yoast.com\/wordpress\/plugins\/seo\/ -->\n<title>Wycena warto\u015bci pojazdu - CERTYFIKOWANY RZECZOZNAWCA SAMOCHODOWY<\/title>\n<meta name=\"robots\" content=\"index, follow, max-snippet:-1, max-image-preview:large, max-video-preview:-1\" \/>\n<link rel=\"canonical\" href=\"https:\/\/rzeczoznawca-twardowski.pl\/?page_id=58\" \/>\n<meta property=\"og:locale\" content=\"pl_PL\" \/>\n<meta property=\"og:type\" content=\"article\" \/>\n<meta property=\"og:title\" content=\"Wycena warto\u015bci pojazdu - CERTYFIKOWANY RZECZOZNAWCA SAMOCHODOWY\" \/>\n<meta property=\"og:description\" content=\"Wycena warto\u015bci pojazdu sporz\u0105dzana w odniesieniu do pojazdu uszkodzonego jak i nieuszkodzonego w celu ustalenia jego aktualnej warto\u015bci rynkowej\u00a0 potrzebna jest do: Urz\u0119d\u00f3w Skarbowych oraz Celnych S\u0105d\u00f3w Ubezpieczenia AC (AUTO CASCO) Okre\u015blenia wyst\u0119powania szkody ca\u0142kowitej Umowy w formie leasingu, kredytu Dla potrzeb post\u0119powania windykacyjnego, egzekucyjnego Transakcji prywatnych oraz dla innych cel\u00f3w okre\u015blonych przez Klienta Wyceny [&hellip;]\" \/>\n<meta property=\"og:url\" content=\"https:\/\/rzeczoznawca-twardowski.pl\/?page_id=58\" \/>\n<meta property=\"og:site_name\" content=\"CERTYFIKOWANY RZECZOZNAWCA SAMOCHODOWY\" \/>\n<meta property=\"article:modified_time\" content=\"2025-04-28T18:21:46+00:00\" \/>\n<meta name=\"twitter:card\" content=\"summary_large_image\" \/>\n<meta name=\"twitter:label1\" content=\"Szacowany czas czytania\" \/>\n\t<meta name=\"twitter:data1\" content=\"1 minuta\" \/>\n<script type=\"application\/ld+json\" class=\"yoast-schema-graph\">{\"@context\":\"https:\/\/schema.org\",\"@graph\":[{\"@type\":\"WebPage\",\"@id\":\"https:\/\/rzeczoznawca-twardowski.pl\/?page_id=58\",\"url\":\"https:\/\/rzeczoznawca-twardowski.pl\/?page_id=58\",\"name\":\"Wycena warto\u015bci pojazdu - CERTYFIKOWANY RZECZOZNAWCA SAMOCHODOWY\",\"isPartOf\":{\"@id\":\"https:\/\/rzeczoznawca-twardowski.pl\/#website\"},\"datePublished\":\"2025-04-23T19:00:57+00:00\",\"dateModified\":\"2025-04-28T18:21:46+00:00\",\"breadcrumb\":{\"@id\":\"https:\/\/rzeczoznawca-twardowski.pl\/?page_id=58#breadcrumb\"},\"inLanguage\":\"pl-PL\",\"potentialAction\":[{\"@type\":\"ReadAction\",\"target\":[\"https:\/\/rzeczoznawca-twardowski.pl\/?page_id=58\"]}]},{\"@type\":\"BreadcrumbList\",\"@id\":\"https:\/\/rzeczoznawca-twardowski.pl\/?page_id=58#breadcrumb\",\"itemListElement\":[{\"@type\":\"ListItem\",\"position\":1,\"name\":\"Home\",\"item\":\"https:\/\/rzeczoznawca-twardowski.pl\/\"},{\"@type\":\"ListItem\",\"position\":2,\"name\":\"Wycena warto\u015bci pojazdu\"}]},{\"@type\":\"WebSite\",\"@id\":\"https:\/\/rzeczoznawca-twardowski.pl\/#website\",\"url\":\"https:\/\/rzeczoznawca-twardowski.pl\/\",\"name\":\"Waldemar Twardowski\",\"description\":\"Waldemar Twardowski\",\"publisher\":{\"@id\":\"https:\/\/rzeczoznawca-twardowski.pl\/#organization\"},\"potentialAction\":[{\"@type\":\"SearchAction\",\"target\":{\"@type\":\"EntryPoint\",\"urlTemplate\":\"https:\/\/rzeczoznawca-twardowski.pl\/?s={search_term_string}\"},\"query-input\":{\"@type\":\"PropertyValueSpecification\",\"valueRequired\":true,\"valueName\":\"search_term_string\"}}],\"inLanguage\":\"pl-PL\"},{\"@type\":\"Organization\",\"@id\":\"https:\/\/rzeczoznawca-twardowski.pl\/#organization\",\"name\":\"CERTYFIKOWANY RZECZOZNAWCA SAMOCHODOWY\",\"url\":\"https:\/\/rzeczoznawca-twardowski.pl\/\",\"logo\":{\"@type\":\"ImageObject\",\"inLanguage\":\"pl-PL\",\"@id\":\"https:\/\/rzeczoznawca-twardowski.pl\/#\/schema\/logo\/image\/\",\"url\":\"https:\/\/rzeczoznawca-twardowski.pl\/wp-content\/uploads\/2025\/04\/Untitled250.png\",\"contentUrl\":\"https:\/\/rzeczoznawca-twardowski.pl\/wp-content\/uploads\/2025\/04\/Untitled250.png\",\"width\":240,\"height\":77,\"caption\":\"CERTYFIKOWANY RZECZOZNAWCA SAMOCHODOWY\"},\"image\":{\"@id\":\"https:\/\/rzeczoznawca-twardowski.pl\/#\/schema\/logo\/image\/\"}}]}<\/script>\n<!-- \/ Yoast SEO plugin. -->","yoast_head_json":{"title":"Wycena warto\u015bci pojazdu - CERTYFIKOWANY RZECZOZNAWCA SAMOCHODOWY","robots":{"index":"index","follow":"follow","max-snippet":"max-snippet:-1","max-image-preview":"max-image-preview:large","max-video-preview":"max-video-preview:-1"},"canonical":"https:\/\/rzeczoznawca-twardowski.pl\/?page_id=58","og_locale":"pl_PL","og_type":"article","og_title":"Wycena warto\u015bci pojazdu - CERTYFIKOWANY RZECZOZNAWCA SAMOCHODOWY","og_description":"Wycena warto\u015bci pojazdu sporz\u0105dzana w odniesieniu do pojazdu uszkodzonego jak i nieuszkodzonego w celu ustalenia jego aktualnej warto\u015bci rynkowej\u00a0 potrzebna jest do: Urz\u0119d\u00f3w Skarbowych oraz Celnych S\u0105d\u00f3w Ubezpieczenia AC (AUTO CASCO) Okre\u015blenia wyst\u0119powania szkody ca\u0142kowitej Umowy w formie leasingu, kredytu Dla potrzeb post\u0119powania windykacyjnego, egzekucyjnego Transakcji prywatnych oraz dla innych cel\u00f3w okre\u015blonych przez Klienta Wyceny [&hellip;]","og_url":"https:\/\/rzeczoznawca-twardowski.pl\/?page_id=58","og_site_name":"CERTYFIKOWANY RZECZOZNAWCA SAMOCHODOWY","article_modified_time":"2025-04-28T18:21:46+00:00","twitter_card":"summary_large_image","twitter_misc":{"Szacowany czas czytania":"1 minuta"},"schema":{"@context":"https:\/\/schema.org","@graph":[{"@type":"WebPage","@id":"https:\/\/rzeczoznawca-twardowski.pl\/?page_id=58","url":"https:\/\/rzeczoznawca-twardowski.pl\/?page_id=58","name":"Wycena warto\u015bci pojazdu - CERTYFIKOWANY RZECZOZNAWCA SAMOCHODOWY","isPartOf":{"@id":"https:\/\/rzeczoznawca-twardowski.pl\/#website"},"datePublished":"2025-04-23T19:00:57+00:00","dateModified":"2025-04-28T18:21:46+00:00","breadcrumb":{"@id":"https:\/\/rzeczoznawca-twardowski.pl\/?page_id=58#breadcrumb"},"inLanguage":"pl-PL","potentialAction":[{"@type":"ReadAction","target":["https:\/\/rzeczoznawca-twardowski.pl\/?page_id=58"]}]},{"@type":"BreadcrumbList","@id":"https:\/\/rzeczoznawca-twardowski.pl\/?page_id=58#breadcrumb","itemListElement":[{"@type":"ListItem","position":1,"name":"Home","item":"https:\/\/rzeczoznawca-twardowski.pl\/"},{"@type":"ListItem","position":2,"name":"Wycena warto\u015bci pojazdu"}]},{"@type":"WebSite","@id":"https:\/\/rzeczoznawca-twardowski.pl\/#website","url":"https:\/\/rzeczoznawca-twardowski.pl\/","name":"Waldemar Twardowski","description":"Waldemar Twardowski","publisher":{"@id":"https:\/\/rzeczoznawca-twardowski.pl\/#organization"},"potentialAction":[{"@type":"SearchAction","target":{"@type":"EntryPoint","urlTemplate":"https:\/\/rzeczoznawca-twardowski.pl\/?s={search_term_string}"},"query-input":{"@type":"PropertyValueSpecification","valueRequired":true,"valueName":"search_term_string"}}],"inLanguage":"pl-PL"},{"@type":"Organization","@id":"https:\/\/rzeczoznawca-twardowski.pl\/#organization","name":"CERTYFIKOWANY RZECZOZNAWCA SAMOCHODOWY","url":"https:\/\/rzeczoznawca-twardowski.pl\/","logo":{"@type":"ImageObject","inLanguage":"pl-PL","@id":"https:\/\/rzeczoznawca-twardowski.pl\/#\/schema\/logo\/image\/","url":"https:\/\/rzeczoznawca-twardowski.pl\/wp-content\/uploads\/2025\/04\/Untitled250.png","contentUrl":"https:\/\/rzeczoznawca-twardowski.pl\/wp-content\/uploads\/2025\/04\/Untitled250.png","width":240,"height":77,"caption":"CERTYFIKOWANY RZECZOZNAWCA SAMOCHODOWY"},"image":{"@id":"https:\/\/rzeczoznawca-twardowski.pl\/#\/schema\/logo\/image\/"}}]}},"_links":{"self":[{"href":"https:\/\/rzeczoznawca-twardowski.pl\/index.php?rest_route=\/wp\/v2\/pages\/58","targetHints":{"allow":["GET"]}}],"collection":[{"href":"https:\/\/rzeczoznawca-twardowski.pl\/index.php?rest_route=\/wp\/v2\/pages"}],"about":[{"href":"https:\/\/rzeczoznawca-twardowski.pl\/index.php?rest_route=\/wp\/v2\/types\/page"}],"author":[{"embeddable":true,"href":"https:\/\/rzeczoznawca-twardowski.pl\/index.php?rest_route=\/wp\/v2\/users\/1"}],"replies":[{"embeddable":true,"href":"https:\/\/rzeczoznawca-twardowski.pl\/index.php?rest_route=%2Fwp%2Fv2%2Fcomments&post=58"}],"version-history":[{"count":4,"href":"https:\/\/rzeczoznawca-twardowski.pl\/index.php?rest_route=\/wp\/v2\/pages\/58\/revisions"}],"predecessor-version":[{"id":126,"href":"https:\/\/rzeczoznawca-twardowski.pl\/index.php?rest_route=\/wp\/v2\/pages\/58\/revisions\/126"}],"wp:attachment":[{"href":"https:\/\/rzeczoznawca-twardowski.pl\/index.php?rest_route=%2Fwp%2Fv2%2Fmedia&parent=58"}],"curies":[{"name":"wp","href":"https:\/\/api.w.org\/{rel}","templated":true}]}}