{"id":16,"date":"2025-04-23T00:06:06","date_gmt":"2025-04-22T22:06:06","guid":{"rendered":"http:\/\/rzeczoznawca-twardowski.pl\/?page_id=16"},"modified":"2025-05-01T11:11:18","modified_gmt":"2025-05-01T09:11:18","slug":"strona-glowna","status":"publish","type":"page","link":"https:\/\/rzeczoznawca-twardowski.pl\/","title":{"rendered":"O mnie"},"content":{"rendered":"\n<div class=\"wp-block-cover alignfull is-light banner-section\"><img fetchpriority=\"high\" decoding=\"async\" width=\"1536\" height=\"1024\" class=\"wp-block-cover__image-background wp-image-155 size-full\" alt=\"Grafika promocyjna\" src=\"https:\/\/rzeczoznawca-twardowski.pl\/wp-content\/uploads\/2025\/04\/ChatGPT-Image-29.04.2025-o-00_03_32-1.png\" data-object-fit=\"cover\" srcset=\"https:\/\/rzeczoznawca-twardowski.pl\/wp-content\/uploads\/2025\/04\/ChatGPT-Image-29.04.2025-o-00_03_32-1.png 1536w, https:\/\/rzeczoznawca-twardowski.pl\/wp-content\/uploads\/2025\/04\/ChatGPT-Image-29.04.2025-o-00_03_32-1-300x200.png 300w, https:\/\/rzeczoznawca-twardowski.pl\/wp-content\/uploads\/2025\/04\/ChatGPT-Image-29.04.2025-o-00_03_32-1-1024x683.png 1024w, https:\/\/rzeczoznawca-twardowski.pl\/wp-content\/uploads\/2025\/04\/ChatGPT-Image-29.04.2025-o-00_03_32-1-768x512.png 768w\" sizes=\"(max-width: 1536px) 100vw, 1536px\" \/><span aria-hidden=\"true\" class=\"wp-block-cover__background has-background-dim\" style=\"background-color:#233a2a\"><\/span><div class=\"wp-block-cover__inner-container is-layout-flow wp-block-cover-is-layout-flow\">\n<div class=\"wp-block-columns alignfull are-vertically-aligned-center is-layout-flex wp-container-core-columns-is-layout-9d6595d7 wp-block-columns-is-layout-flex\">\n<div class=\"wp-block-column is-vertically-aligned-center is-layout-flow wp-block-column-is-layout-flow\">\n<p class=\"has-text-align-left\"><\/p>\n\n\n\n<p class=\"has-text-align-left\"><\/p>\n\n\n\n<p class=\"has-text-align-left mt-0 mb-0 text-start\"><\/p>\n<\/div>\n\n\n\n<div class=\"wp-block-column is-vertically-aligned-center is-layout-flow wp-block-column-is-layout-flow\"><\/div>\n<\/div>\n<\/div><\/div>\n\n\n\n<div class=\"wp-block-cover alignfull is-light about-outer-box\"><span aria-hidden=\"true\" class=\"wp-block-cover__background has-white-background-color has-background-dim-100 has-background-dim\"><\/span><div class=\"wp-block-cover__inner-container is-layout-flow wp-block-cover-is-layout-flow\">\n<div class=\"wp-block-columns alignwide is-layout-flex wp-container-core-columns-is-layout-9d6595d7 wp-block-columns-is-layout-flex\">\n<div class=\"wp-block-column is-layout-flow wp-block-column-is-layout-flow\" style=\"flex-basis:60%\">\n<h2 class=\"wp-block-heading has-text-align-left about-small-heading mb-0 has-text-color\" style=\"color:#b1b6b9\"><\/h2>\n\n\n\n<h3 class=\"wp-block-heading has-text-align-left about-heading pb-2 has-text-color\" style=\"color:#010203\">Waldemar Twardowski<\/h3>\n\n\n\n<h4 class=\"wp-block-heading has-text-align-left\">CERTYFIKOWANY RZECZOZNAWCA SAMOCHODOWY<\/h4>\n\n\n\n<p class=\"has-text-align-left text-left has-text-color has-small-font-size\" style=\"color:#b1b6b9\">Jestem&nbsp;rzeczoznawc\u0105&nbsp;samochodowym wpisanym na list\u0119 Ministerstwa Infrastruktury &nbsp; nr identyfikacyjny RS 001781 oraz Stowarzyszenia Rzeczoznawc\u00f3w Techniki Motoryzacyjnej i Ruchu Drogowego PLMOT nr licencji RL000560.<\/p>\n\n\n\n<p class=\"has-text-align-left has-text-color has-small-font-size\" style=\"color:#b1b6b9\">Posiadam wykszta\u0142cenie wy\u017csze techniczne &#8211; jestem absolwentem Politechniki Pozna\u0144skiej Wydzia\u0142u Maszyn Roboczych i Transportu. Mam\u00a0 do\u015bwiadczenie w pracy m.in. w administracji publicznej dzi\u0119ki czemu posiadam niezb\u0119dne umiej\u0119tno\u015bci potrzebne przy sporz\u0105dzaniu i analizie dokumentacji procesowej i technicznej.<\/p>\n\n\n\n<p class=\"has-text-align-left text-left has-text-color has-small-font-size\" style=\"color:#b1b6b9\">Zajmuj\u0119 si\u0119 rzeczoznawstwem motoryzacyjnym, mi\u0119dzy innymi w zakresie: doradztwa technicznego, wyceny warto\u015bci rynkowej pojazd\u00f3w i maszyn, sporz\u0105dzania kosztorys\u00f3w naprawy pojazd\u00f3w w oparciu o programy kalkulacyjne Audatex i Eurotax a tak\u017ce w oparciu o dane w\u0142asne.<\/p>\n<\/div>\n\n\n\n<div class=\"wp-block-column is-vertically-aligned-center is-layout-flow wp-block-column-is-layout-flow\" style=\"flex-basis:40%\">\n<figure class=\"wp-block-image size-large\"><img decoding=\"async\" src=\"https:\/\/rzeczoznawca-twardowski.pl\/wp-content\/themes\/automotive-centre\/inc\/block-patterns\/images\/about-us.png\" alt=\"\" class=\"wp-image-6411\"\/><\/figure>\n<\/div>\n<\/div>\n\n\n\n<p class=\"has-text-align-center has-large-font-size\"><\/p>\n<\/div><\/div>\n\n\n\n<p><\/p>\n","protected":false},"excerpt":{"rendered":"","protected":false},"author":1,"featured_media":0,"parent":0,"menu_order":0,"comment_status":"closed","ping_status":"closed","template":"","meta":{"footnotes":""},"class_list":["post-16","page","type-page","status-publish","hentry"],"yoast_head":"<!-- This site is optimized with the Yoast SEO plugin v24.9 - https:\/\/yoast.com\/wordpress\/plugins\/seo\/ -->\n<title>O mnie - CERTYFIKOWANY RZECZOZNAWCA SAMOCHODOWY<\/title>\n<meta name=\"description\" content=\"Rzeczoznawca samochodowy woj. wiekopolskie i kujawsko- pomorskie. Wycena pojazdu do urzedu celno-skarbowego. Kosztorys naprawy pojazdu powypadkowego. Biala karta pojazd zabytkowy. Pomoc przy zakupie auta.\" \/>\n<meta name=\"robots\" content=\"index, follow, max-snippet:-1, max-image-preview:large, max-video-preview:-1\" \/>\n<link rel=\"canonical\" href=\"https:\/\/rzeczoznawca-twardowski.pl\/\" \/>\n<meta property=\"og:locale\" content=\"pl_PL\" \/>\n<meta property=\"og:type\" content=\"article\" \/>\n<meta property=\"og:title\" content=\"O mnie - CERTYFIKOWANY RZECZOZNAWCA SAMOCHODOWY\" \/>\n<meta property=\"og:description\" content=\"Rzeczoznawca samochodowy woj. wiekopolskie i kujawsko- pomorskie. Wycena pojazdu do urzedu celno-skarbowego. Kosztorys naprawy pojazdu powypadkowego. Biala karta pojazd zabytkowy. Pomoc przy zakupie auta.\" \/>\n<meta property=\"og:url\" content=\"https:\/\/rzeczoznawca-twardowski.pl\/\" \/>\n<meta property=\"og:site_name\" content=\"CERTYFIKOWANY RZECZOZNAWCA SAMOCHODOWY\" \/>\n<meta property=\"article:modified_time\" content=\"2025-05-01T09:11:18+00:00\" \/>\n<meta property=\"og:image\" content=\"http:\/\/rzeczoznawca-twardowski.pl\/wp-content\/uploads\/2025\/04\/ChatGPT-Image-29.04.2025-o-00_03_32-1.png\" \/>\n<meta name=\"twitter:card\" content=\"summary_large_image\" \/>\n<meta name=\"twitter:label1\" content=\"Szacowany czas czytania\" \/>\n\t<meta name=\"twitter:data1\" content=\"1 minuta\" \/>\n<script type=\"application\/ld+json\" class=\"yoast-schema-graph\">{\"@context\":\"https:\/\/schema.org\",\"@graph\":[{\"@type\":[\"Article\",\"Report\"],\"@id\":\"https:\/\/rzeczoznawca-twardowski.pl\/#article\",\"isPartOf\":{\"@id\":\"https:\/\/rzeczoznawca-twardowski.pl\/\"},\"author\":{\"name\":\"admin\",\"@id\":\"https:\/\/rzeczoznawca-twardowski.pl\/#\/schema\/person\/eae523da1263af381c1c5502f9501a98\"},\"headline\":\"O mnie\",\"datePublished\":\"2025-04-22T22:06:06+00:00\",\"dateModified\":\"2025-05-01T09:11:18+00:00\",\"mainEntityOfPage\":{\"@id\":\"https:\/\/rzeczoznawca-twardowski.pl\/\"},\"wordCount\":124,\"publisher\":{\"@id\":\"https:\/\/rzeczoznawca-twardowski.pl\/#organization\"},\"image\":{\"@id\":\"https:\/\/rzeczoznawca-twardowski.pl\/#primaryimage\"},\"thumbnailUrl\":\"http:\/\/rzeczoznawca-twardowski.pl\/wp-content\/uploads\/2025\/04\/ChatGPT-Image-29.04.2025-o-00_03_32-1.png\",\"inLanguage\":\"pl-PL\"},{\"@type\":\"WebPage\",\"@id\":\"https:\/\/rzeczoznawca-twardowski.pl\/\",\"url\":\"https:\/\/rzeczoznawca-twardowski.pl\/\",\"name\":\"O mnie - CERTYFIKOWANY RZECZOZNAWCA SAMOCHODOWY\",\"isPartOf\":{\"@id\":\"https:\/\/rzeczoznawca-twardowski.pl\/#website\"},\"primaryImageOfPage\":{\"@id\":\"https:\/\/rzeczoznawca-twardowski.pl\/#primaryimage\"},\"image\":{\"@id\":\"https:\/\/rzeczoznawca-twardowski.pl\/#primaryimage\"},\"thumbnailUrl\":\"http:\/\/rzeczoznawca-twardowski.pl\/wp-content\/uploads\/2025\/04\/ChatGPT-Image-29.04.2025-o-00_03_32-1.png\",\"datePublished\":\"2025-04-22T22:06:06+00:00\",\"dateModified\":\"2025-05-01T09:11:18+00:00\",\"description\":\"Rzeczoznawca samochodowy woj. wiekopolskie i kujawsko- pomorskie. Wycena pojazdu do urzedu celno-skarbowego. Kosztorys naprawy pojazdu powypadkowego. Biala karta pojazd zabytkowy. Pomoc przy zakupie auta.\",\"breadcrumb\":{\"@id\":\"https:\/\/rzeczoznawca-twardowski.pl\/#breadcrumb\"},\"inLanguage\":\"pl-PL\",\"potentialAction\":[{\"@type\":\"ReadAction\",\"target\":[\"https:\/\/rzeczoznawca-twardowski.pl\/\"]}]},{\"@type\":\"ImageObject\",\"inLanguage\":\"pl-PL\",\"@id\":\"https:\/\/rzeczoznawca-twardowski.pl\/#primaryimage\",\"url\":\"http:\/\/rzeczoznawca-twardowski.pl\/wp-content\/uploads\/2025\/04\/ChatGPT-Image-29.04.2025-o-00_03_32-1.png\",\"contentUrl\":\"http:\/\/rzeczoznawca-twardowski.pl\/wp-content\/uploads\/2025\/04\/ChatGPT-Image-29.04.2025-o-00_03_32-1.png\"},{\"@type\":\"BreadcrumbList\",\"@id\":\"https:\/\/rzeczoznawca-twardowski.pl\/#breadcrumb\",\"itemListElement\":[{\"@type\":\"ListItem\",\"position\":1,\"name\":\"Home\",\"item\":\"https:\/\/rzeczoznawca-twardowski.pl\/\"},{\"@type\":\"ListItem\",\"position\":2,\"name\":\"O mnie\"}]},{\"@type\":\"WebSite\",\"@id\":\"https:\/\/rzeczoznawca-twardowski.pl\/#website\",\"url\":\"https:\/\/rzeczoznawca-twardowski.pl\/\",\"name\":\"Waldemar Twardowski\",\"description\":\"Waldemar Twardowski\",\"publisher\":{\"@id\":\"https:\/\/rzeczoznawca-twardowski.pl\/#organization\"},\"potentialAction\":[{\"@type\":\"SearchAction\",\"target\":{\"@type\":\"EntryPoint\",\"urlTemplate\":\"https:\/\/rzeczoznawca-twardowski.pl\/?s={search_term_string}\"},\"query-input\":{\"@type\":\"PropertyValueSpecification\",\"valueRequired\":true,\"valueName\":\"search_term_string\"}}],\"inLanguage\":\"pl-PL\"},{\"@type\":\"Organization\",\"@id\":\"https:\/\/rzeczoznawca-twardowski.pl\/#organization\",\"name\":\"CERTYFIKOWANY RZECZOZNAWCA SAMOCHODOWY\",\"url\":\"https:\/\/rzeczoznawca-twardowski.pl\/\",\"logo\":{\"@type\":\"ImageObject\",\"inLanguage\":\"pl-PL\",\"@id\":\"https:\/\/rzeczoznawca-twardowski.pl\/#\/schema\/logo\/image\/\",\"url\":\"https:\/\/rzeczoznawca-twardowski.pl\/wp-content\/uploads\/2025\/04\/Untitled250.png\",\"contentUrl\":\"https:\/\/rzeczoznawca-twardowski.pl\/wp-content\/uploads\/2025\/04\/Untitled250.png\",\"width\":240,\"height\":77,\"caption\":\"CERTYFIKOWANY RZECZOZNAWCA SAMOCHODOWY\"},\"image\":{\"@id\":\"https:\/\/rzeczoznawca-twardowski.pl\/#\/schema\/logo\/image\/\"}},{\"@type\":\"Person\",\"@id\":\"https:\/\/rzeczoznawca-twardowski.pl\/#\/schema\/person\/eae523da1263af381c1c5502f9501a98\",\"name\":\"admin\",\"image\":{\"@type\":\"ImageObject\",\"inLanguage\":\"pl-PL\",\"@id\":\"https:\/\/rzeczoznawca-twardowski.pl\/#\/schema\/person\/image\/\",\"url\":\"https:\/\/secure.gravatar.com\/avatar\/8170bdfafca44199c94ea621bd5d0613c9a12087bda1db95ad1b3675485501eb?s=96&d=mm&r=g\",\"contentUrl\":\"https:\/\/secure.gravatar.com\/avatar\/8170bdfafca44199c94ea621bd5d0613c9a12087bda1db95ad1b3675485501eb?s=96&d=mm&r=g\",\"caption\":\"admin\"},\"sameAs\":[\"http:\/\/rzeczoznawca-twardowski.pl\"],\"url\":\"https:\/\/rzeczoznawca-twardowski.pl\/?author=1\"}]}<\/script>\n<!-- \/ Yoast SEO plugin. -->","yoast_head_json":{"title":"O mnie - CERTYFIKOWANY RZECZOZNAWCA SAMOCHODOWY","description":"Rzeczoznawca samochodowy woj. wiekopolskie i kujawsko- pomorskie. Wycena pojazdu do urzedu celno-skarbowego. Kosztorys naprawy pojazdu powypadkowego. Biala karta pojazd zabytkowy. Pomoc przy zakupie auta.","robots":{"index":"index","follow":"follow","max-snippet":"max-snippet:-1","max-image-preview":"max-image-preview:large","max-video-preview":"max-video-preview:-1"},"canonical":"https:\/\/rzeczoznawca-twardowski.pl\/","og_locale":"pl_PL","og_type":"article","og_title":"O mnie - CERTYFIKOWANY RZECZOZNAWCA SAMOCHODOWY","og_description":"Rzeczoznawca samochodowy woj. wiekopolskie i kujawsko- pomorskie. Wycena pojazdu do urzedu celno-skarbowego. Kosztorys naprawy pojazdu powypadkowego. Biala karta pojazd zabytkowy. Pomoc przy zakupie auta.","og_url":"https:\/\/rzeczoznawca-twardowski.pl\/","og_site_name":"CERTYFIKOWANY RZECZOZNAWCA SAMOCHODOWY","article_modified_time":"2025-05-01T09:11:18+00:00","og_image":[{"url":"http:\/\/rzeczoznawca-twardowski.pl\/wp-content\/uploads\/2025\/04\/ChatGPT-Image-29.04.2025-o-00_03_32-1.png","type":"","width":"","height":""}],"twitter_card":"summary_large_image","twitter_misc":{"Szacowany czas czytania":"1 minuta"},"schema":{"@context":"https:\/\/schema.org","@graph":[{"@type":["Article","Report"],"@id":"https:\/\/rzeczoznawca-twardowski.pl\/#article","isPartOf":{"@id":"https:\/\/rzeczoznawca-twardowski.pl\/"},"author":{"name":"admin","@id":"https:\/\/rzeczoznawca-twardowski.pl\/#\/schema\/person\/eae523da1263af381c1c5502f9501a98"},"headline":"O mnie","datePublished":"2025-04-22T22:06:06+00:00","dateModified":"2025-05-01T09:11:18+00:00","mainEntityOfPage":{"@id":"https:\/\/rzeczoznawca-twardowski.pl\/"},"wordCount":124,"publisher":{"@id":"https:\/\/rzeczoznawca-twardowski.pl\/#organization"},"image":{"@id":"https:\/\/rzeczoznawca-twardowski.pl\/#primaryimage"},"thumbnailUrl":"http:\/\/rzeczoznawca-twardowski.pl\/wp-content\/uploads\/2025\/04\/ChatGPT-Image-29.04.2025-o-00_03_32-1.png","inLanguage":"pl-PL"},{"@type":"WebPage","@id":"https:\/\/rzeczoznawca-twardowski.pl\/","url":"https:\/\/rzeczoznawca-twardowski.pl\/","name":"O mnie - CERTYFIKOWANY RZECZOZNAWCA SAMOCHODOWY","isPartOf":{"@id":"https:\/\/rzeczoznawca-twardowski.pl\/#website"},"primaryImageOfPage":{"@id":"https:\/\/rzeczoznawca-twardowski.pl\/#primaryimage"},"image":{"@id":"https:\/\/rzeczoznawca-twardowski.pl\/#primaryimage"},"thumbnailUrl":"http:\/\/rzeczoznawca-twardowski.pl\/wp-content\/uploads\/2025\/04\/ChatGPT-Image-29.04.2025-o-00_03_32-1.png","datePublished":"2025-04-22T22:06:06+00:00","dateModified":"2025-05-01T09:11:18+00:00","description":"Rzeczoznawca samochodowy woj. wiekopolskie i kujawsko- pomorskie. Wycena pojazdu do urzedu celno-skarbowego. Kosztorys naprawy pojazdu powypadkowego. Biala karta pojazd zabytkowy. Pomoc przy zakupie auta.","breadcrumb":{"@id":"https:\/\/rzeczoznawca-twardowski.pl\/#breadcrumb"},"inLanguage":"pl-PL","potentialAction":[{"@type":"ReadAction","target":["https:\/\/rzeczoznawca-twardowski.pl\/"]}]},{"@type":"ImageObject","inLanguage":"pl-PL","@id":"https:\/\/rzeczoznawca-twardowski.pl\/#primaryimage","url":"http:\/\/rzeczoznawca-twardowski.pl\/wp-content\/uploads\/2025\/04\/ChatGPT-Image-29.04.2025-o-00_03_32-1.png","contentUrl":"http:\/\/rzeczoznawca-twardowski.pl\/wp-content\/uploads\/2025\/04\/ChatGPT-Image-29.04.2025-o-00_03_32-1.png"},{"@type":"BreadcrumbList","@id":"https:\/\/rzeczoznawca-twardowski.pl\/#breadcrumb","itemListElement":[{"@type":"ListItem","position":1,"name":"Home","item":"https:\/\/rzeczoznawca-twardowski.pl\/"},{"@type":"ListItem","position":2,"name":"O mnie"}]},{"@type":"WebSite","@id":"https:\/\/rzeczoznawca-twardowski.pl\/#website","url":"https:\/\/rzeczoznawca-twardowski.pl\/","name":"Waldemar Twardowski","description":"Waldemar Twardowski","publisher":{"@id":"https:\/\/rzeczoznawca-twardowski.pl\/#organization"},"potentialAction":[{"@type":"SearchAction","target":{"@type":"EntryPoint","urlTemplate":"https:\/\/rzeczoznawca-twardowski.pl\/?s={search_term_string}"},"query-input":{"@type":"PropertyValueSpecification","valueRequired":true,"valueName":"search_term_string"}}],"inLanguage":"pl-PL"},{"@type":"Organization","@id":"https:\/\/rzeczoznawca-twardowski.pl\/#organization","name":"CERTYFIKOWANY RZECZOZNAWCA SAMOCHODOWY","url":"https:\/\/rzeczoznawca-twardowski.pl\/","logo":{"@type":"ImageObject","inLanguage":"pl-PL","@id":"https:\/\/rzeczoznawca-twardowski.pl\/#\/schema\/logo\/image\/","url":"https:\/\/rzeczoznawca-twardowski.pl\/wp-content\/uploads\/2025\/04\/Untitled250.png","contentUrl":"https:\/\/rzeczoznawca-twardowski.pl\/wp-content\/uploads\/2025\/04\/Untitled250.png","width":240,"height":77,"caption":"CERTYFIKOWANY RZECZOZNAWCA SAMOCHODOWY"},"image":{"@id":"https:\/\/rzeczoznawca-twardowski.pl\/#\/schema\/logo\/image\/"}},{"@type":"Person","@id":"https:\/\/rzeczoznawca-twardowski.pl\/#\/schema\/person\/eae523da1263af381c1c5502f9501a98","name":"admin","image":{"@type":"ImageObject","inLanguage":"pl-PL","@id":"https:\/\/rzeczoznawca-twardowski.pl\/#\/schema\/person\/image\/","url":"https:\/\/secure.gravatar.com\/avatar\/8170bdfafca44199c94ea621bd5d0613c9a12087bda1db95ad1b3675485501eb?s=96&d=mm&r=g","contentUrl":"https:\/\/secure.gravatar.com\/avatar\/8170bdfafca44199c94ea621bd5d0613c9a12087bda1db95ad1b3675485501eb?s=96&d=mm&r=g","caption":"admin"},"sameAs":["http:\/\/rzeczoznawca-twardowski.pl"],"url":"https:\/\/rzeczoznawca-twardowski.pl\/?author=1"}]}},"_links":{"self":[{"href":"https:\/\/rzeczoznawca-twardowski.pl\/index.php?rest_route=\/wp\/v2\/pages\/16","targetHints":{"allow":["GET"]}}],"collection":[{"href":"https:\/\/rzeczoznawca-twardowski.pl\/index.php?rest_route=\/wp\/v2\/pages"}],"about":[{"href":"https:\/\/rzeczoznawca-twardowski.pl\/index.php?rest_route=\/wp\/v2\/types\/page"}],"author":[{"embeddable":true,"href":"https:\/\/rzeczoznawca-twardowski.pl\/index.php?rest_route=\/wp\/v2\/users\/1"}],"replies":[{"embeddable":true,"href":"https:\/\/rzeczoznawca-twardowski.pl\/index.php?rest_route=%2Fwp%2Fv2%2Fcomments&post=16"}],"version-history":[{"count":21,"href":"https:\/\/rzeczoznawca-twardowski.pl\/index.php?rest_route=\/wp\/v2\/pages\/16\/revisions"}],"predecessor-version":[{"id":159,"href":"https:\/\/rzeczoznawca-twardowski.pl\/index.php?rest_route=\/wp\/v2\/pages\/16\/revisions\/159"}],"wp:attachment":[{"href":"https:\/\/rzeczoznawca-twardowski.pl\/index.php?rest_route=%2Fwp%2Fv2%2Fmedia&parent=16"}],"curies":[{"name":"wp","href":"https:\/\/api.w.org\/{rel}","templated":true}]}}